

{"id":2,"date":"2024-07-02T16:08:45","date_gmt":"2024-07-02T14:08:45","guid":{"rendered":"http:\/\/osteo-patka.sk\/?page_id=2"},"modified":"2024-07-07T17:00:20","modified_gmt":"2024-07-07T15:00:20","slug":"ukazkova-stranka","status":"publish","type":"page","link":"http:\/\/osteo-patka.sk\/","title":{"rendered":"O mne"},"content":{"rendered":"\n<div class=\"wp-block-media-text is-stacked-on-mobile has-small-font-size\" style=\"grid-template-columns:43% auto\"><figure class=\"wp-block-media-text__media\"><img loading=\"lazy\" decoding=\"async\" width=\"572\" height=\"1024\" src=\"https:\/\/osteo-patka.sk\/wp-content\/uploads\/2024\/07\/IMG_7110-572x1024.jpg\" alt=\"\" class=\"wp-image-12 size-full\" srcset=\"http:\/\/osteo-patka.sk\/wp-content\/uploads\/2024\/07\/IMG_7110-572x1024.jpg 572w, http:\/\/osteo-patka.sk\/wp-content\/uploads\/2024\/07\/IMG_7110-168x300.jpg 168w, http:\/\/osteo-patka.sk\/wp-content\/uploads\/2024\/07\/IMG_7110-768x1375.jpg 768w, http:\/\/osteo-patka.sk\/wp-content\/uploads\/2024\/07\/IMG_7110-858x1536.jpg 858w, http:\/\/osteo-patka.sk\/wp-content\/uploads\/2024\/07\/IMG_7110.jpg 1144w\" sizes=\"auto, (max-width: 572px) 100vw, 572px\" \/><\/figure><div class=\"wp-block-media-text__content\">\n<h2 class=\"wp-block-heading has-text-align-center has-luminous-vivid-orange-color has-text-color has-link-color has-urbanist-font-family wp-elements-ed591ade222677d8b0a42011d4c59173\" style=\"font-size:30px\"><strong>Vzdelanie<\/strong><\/h2>\n\n\n\n<ul class=\"wp-block-list\">\n<li style=\"margin-top:var(--wp--preset--spacing--20);margin-right:0;margin-bottom:var(--wp--preset--spacing--20);margin-left:0;font-size:15px\" class=\"has-urbanist-font-family\">2021\/2023 &#8211; Slovensk\u00e1 zdravotn\u00edcka univerzita &#8211; \u0161pecializovan\u00e9 \u0161t\u00fadium Funk\u010dn\u00e9 a \u0161truktur\u00e1lne poruchy pohybovej s\u00fastavy ( z\u00e1vere\u010dn\u00e1 pr\u00e1ca Nov\u00e9 trendy v lie\u010dbe temporomandibul\u00e1rneho k\u013abu &#8211; osteopatia )&nbsp; &nbsp;<\/li>\n\n\n\n<li style=\"margin-top:var(--wp--preset--spacing--20);margin-bottom:var(--wp--preset--spacing--20);font-size:15px\" class=\"has-urbanist-font-family\">2017\/2020 &#8211;&nbsp; Slovensk\u00e1 zdravotn\u00edcka univerzita \u2013 odbor fyzioterapia ( magistersk\u00e9 \u0161t\u00fadium, z\u00e1vere\u010dn\u00e1 pr\u00e1ca Vyu\u017eitie manu\u00e1lnej terapie pri viscerovertebr\u00e1lnych vz\u0165ahoch v gynekol\u00f3gii )<\/li>\n\n\n\n<li style=\"margin-top:var(--wp--preset--spacing--20);margin-bottom:var(--wp--preset--spacing--20);font-size:15px\" class=\"has-urbanist-font-family\">2005-2010 Vysok\u00e1 \u0161kola zdravotn\u00edctva a&nbsp;soci\u00e1lnej pr\u00e1ce sv. Al\u017ebety, odbor fyzioterapia ( bakal\u00e1rske \u0161t\u00fadium , z\u00e1vere\u010dn\u00e1 pr\u00e1ca Vertebroviscer\u00e1lne vz\u0165ahy a mo\u017enosti ich ovplyvnenia )<\/li>\n\n\n\n<li style=\"margin-top:var(--wp--preset--spacing--20);margin-bottom:var(--wp--preset--spacing--20);font-size:15px\" class=\"has-urbanist-font-family\">1988-1994 Vysok\u00e1 \u0161kola filozofick\u00e1 pedagogick\u00e1 fakulta, odbor 1-4. stupe\u0148<\/li>\n\n\n\n<li style=\"font-size:15px\" class=\"has-urbanist-font-family\">1982-1986 Gymn\u00e1zium J.A.Gagarina, odbor humanitn\u00fd<\/li>\n\n\n\n<li class=\"has-urbanist-font-family\"><\/li>\n<\/ul>\n\n\n\n<ul class=\"wp-block-list\">\n<li><\/li>\n<\/ul>\n<\/div><\/div>\n\n\n\n<div class=\"wp-block-group is-vertical is-layout-flex wp-container-core-group-is-layout-fe9cc265 wp-block-group-is-layout-flex\">\n<h2 class=\"wp-block-heading has-text-align-center has-urbanist-font-family\" style=\"font-size:30px\">Doplnkov\u00e9 vzdelanie a&nbsp;absolvovan\u00e9 kurzy&nbsp;<\/h2>\n\n\n\n<ul class=\"wp-block-list\">\n<li style=\"font-size:15px\" class=\"has-urbanist-font-family\">2024 &nbsp; &nbsp; asistencia na ro\u010dnom v\u00fdcviku Craniosakr\u00e1lnej osteopatie     pod veden\u00edm Radka Ne\u0161krabala ( <a href=\"http:\/\/www.csosteopatie.cz\/\">www.csosteopatie.cz<\/a> )<\/li>\n\n\n\n<li style=\"font-size:15px\" class=\"has-urbanist-font-family\">2023 &nbsp; &nbsp; Polyvag\u00e1lna te\u00f3ria v praxi, Eyes &#8211; vision and intelligence<\/li>\n\n\n\n<li style=\"font-size:15px\" class=\"has-urbanist-font-family\">2021 &nbsp; &nbsp; Aromatouch technika<\/li>\n\n\n\n<li style=\"font-size:15px\" class=\"has-urbanist-font-family\">2019 &nbsp; &nbsp; Pr\u00e1ca s neur\u00e1lnymi \u0161trukt\u00farami 2-4, Pokro\u010dil\u00e9 techniky viscer\u00e1lnej a neur\u00e1lnej mobiliz\u00e1cie<\/li>\n\n\n\n<li style=\"font-size:15px\" class=\"has-urbanist-font-family\">2018 &nbsp; &nbsp; Thoracic spine dysfunction , Tekutinov\u00e9 pole a sily tekut\u00edn, Viscer\u00e1lne manipul\u00e1cie 3, Pr\u00e1ca s neur\u00e1lnymi \u0161trukt\u00farami 1<\/li>\n\n\n\n<li style=\"font-size:15px\" class=\"has-urbanist-font-family\">2017 &nbsp; &nbsp; Fascia as senzory organ, Visceralna manipul\u00e1cia 1, 2<\/li>\n\n\n\n<li style=\"font-size:15px\" class=\"has-urbanist-font-family\">2016 &nbsp; &nbsp; Fascial Fitness Trainer Course<\/li>\n\n\n\n<li style=\"font-size:15px\" class=\"has-urbanist-font-family\">2015 &nbsp; &nbsp; Kineziotaping, Guasha<\/li>\n\n\n\n<li style=\"font-size:15px\" class=\"has-urbanist-font-family\">2012 &nbsp; &nbsp; Kranio-sakr\u00e1lna osteopatia ( ro\u010dn\u00fd v\u00fdcik &#8211; hist\u00f3ria CSO, palp\u00e1cia cs rytmu, pr\u00e1ca s prie\u010dnymi \u0161trukt\u00farami\/ neurocranium\/ SSB a membr\u00e1nov\u00fd syst\u00e9m\/ viscerokranium a energetick\u00fd pr\u00edstup\/ dren\u00e1\u017e \u017eilov\u00fdch splavov, komorov\u00fd syst\u00e9m\/ telo a em\u00f3cie )<\/li>\n\n\n\n<li style=\"font-size:15px\" class=\"has-urbanist-font-family\">2007 &nbsp; &nbsp; Dornova met\u00f3da a Breussova mas\u00e1\u017e 2, Bodov\u00e1 myofasci\u00e1lna mas\u00e1\u017e<\/li>\n\n\n\n<li style=\"font-size:15px\" class=\"has-urbanist-font-family\">2006 &nbsp; &nbsp; Reflexol\u00f3gia nohy<\/li>\n\n\n\n<li style=\"font-size:15px\" class=\"has-urbanist-font-family\">2005 &nbsp; &nbsp; Rebox, Shiatsu, Dornov\u00e1 met\u00f3da a Breussova mas\u00e1\u017e&nbsp;<\/li>\n\n\n\n<li style=\"font-size:15px\" class=\"has-urbanist-font-family\">2003 &nbsp; &nbsp; Kurz obsluhy po\u010d\u00edta\u010dov a pr\u00e1ca s internetom<\/li>\n<\/ul>\n<\/div>\n","protected":false},"excerpt":{"rendered":"<p>Doplnkov\u00e9 vzdelanie a&nbsp;absolvovan\u00e9 kurzy&nbsp;<\/p>\n","protected":false},"author":1,"featured_media":0,"parent":0,"menu_order":0,"comment_status":"closed","ping_status":"open","template":"","meta":{"_monsterinsights_skip_tracking":false,"_monsterinsights_sitenote_active":false,"_monsterinsights_sitenote_note":"","_monsterinsights_sitenote_category":0,"footnotes":""},"class_list":["post-2","page","type-page","status-publish","hentry"],"yoast_head":"<!-- This site is optimized with the Yoast SEO plugin v26.8 - https:\/\/yoast.com\/product\/yoast-seo-wordpress\/ -->\n<title>O mne - osteo-patka.sk<\/title>\n<meta name=\"robots\" content=\"index, follow, max-snippet:-1, max-image-preview:large, max-video-preview:-1\" \/>\n<link rel=\"canonical\" href=\"http:\/\/osteo-patka.sk\/\" \/>\n<meta property=\"og:locale\" content=\"sk_SK\" \/>\n<meta property=\"og:type\" content=\"article\" \/>\n<meta property=\"og:title\" content=\"O mne - osteo-patka.sk\" \/>\n<meta property=\"og:description\" content=\"Doplnkov\u00e9 vzdelanie a&nbsp;absolvovan\u00e9 kurzy&nbsp;\" \/>\n<meta property=\"og:url\" content=\"http:\/\/osteo-patka.sk\/\" \/>\n<meta property=\"og:site_name\" content=\"osteo-patka.sk\" \/>\n<meta property=\"article:modified_time\" content=\"2024-07-07T15:00:20+00:00\" \/>\n<meta property=\"og:image\" content=\"https:\/\/osteo-patka.sk\/wp-content\/uploads\/2024\/07\/IMG_7110-572x1024.jpg\" \/>\n<meta name=\"twitter:card\" content=\"summary_large_image\" \/>\n<meta name=\"twitter:label1\" content=\"Predpokladan\u00fd \u010das \u010d\u00edtania\" \/>\n\t<meta name=\"twitter:data1\" content=\"2 min\u00faty\" \/>\n<script type=\"application\/ld+json\" class=\"yoast-schema-graph\">{\"@context\":\"https:\/\/schema.org\",\"@graph\":[{\"@type\":\"WebPage\",\"@id\":\"http:\/\/osteo-patka.sk\/\",\"url\":\"http:\/\/osteo-patka.sk\/\",\"name\":\"O mne - osteo-patka.sk\",\"isPartOf\":{\"@id\":\"http:\/\/osteo-patka.sk\/#website\"},\"primaryImageOfPage\":{\"@id\":\"http:\/\/osteo-patka.sk\/#primaryimage\"},\"image\":{\"@id\":\"http:\/\/osteo-patka.sk\/#primaryimage\"},\"thumbnailUrl\":\"https:\/\/osteo-patka.sk\/wp-content\/uploads\/2024\/07\/IMG_7110-572x1024.jpg\",\"datePublished\":\"2024-07-02T14:08:45+00:00\",\"dateModified\":\"2024-07-07T15:00:20+00:00\",\"breadcrumb\":{\"@id\":\"http:\/\/osteo-patka.sk\/#breadcrumb\"},\"inLanguage\":\"sk-SK\",\"potentialAction\":[{\"@type\":\"ReadAction\",\"target\":[\"http:\/\/osteo-patka.sk\/\"]}]},{\"@type\":\"ImageObject\",\"inLanguage\":\"sk-SK\",\"@id\":\"http:\/\/osteo-patka.sk\/#primaryimage\",\"url\":\"http:\/\/osteo-patka.sk\/wp-content\/uploads\/2024\/07\/IMG_7110.jpg\",\"contentUrl\":\"http:\/\/osteo-patka.sk\/wp-content\/uploads\/2024\/07\/IMG_7110.jpg\",\"width\":1144,\"height\":2048},{\"@type\":\"BreadcrumbList\",\"@id\":\"http:\/\/osteo-patka.sk\/#breadcrumb\",\"itemListElement\":[{\"@type\":\"ListItem\",\"position\":1,\"name\":\"Home\",\"item\":\"http:\/\/osteo-patka.sk\/\"},{\"@type\":\"ListItem\",\"position\":2,\"name\":\"O mne\"}]},{\"@type\":\"WebSite\",\"@id\":\"http:\/\/osteo-patka.sk\/#website\",\"url\":\"http:\/\/osteo-patka.sk\/\",\"name\":\"osteo-patka.sk\",\"description\":\"\",\"publisher\":{\"@id\":\"http:\/\/osteo-patka.sk\/#organization\"},\"potentialAction\":[{\"@type\":\"SearchAction\",\"target\":{\"@type\":\"EntryPoint\",\"urlTemplate\":\"http:\/\/osteo-patka.sk\/?s={search_term_string}\"},\"query-input\":{\"@type\":\"PropertyValueSpecification\",\"valueRequired\":true,\"valueName\":\"search_term_string\"}}],\"inLanguage\":\"sk-SK\"},{\"@type\":\"Organization\",\"@id\":\"http:\/\/osteo-patka.sk\/#organization\",\"name\":\"osteo-patka.sk\",\"url\":\"http:\/\/osteo-patka.sk\/\",\"logo\":{\"@type\":\"ImageObject\",\"inLanguage\":\"sk-SK\",\"@id\":\"http:\/\/osteo-patka.sk\/#\/schema\/logo\/image\/\",\"url\":\"http:\/\/osteo-patka.sk\/wp-content\/uploads\/2024\/07\/D30FCB81-FEFE-4C26-9ED7-20FE213F8B50-e1720344756256.png\",\"contentUrl\":\"http:\/\/osteo-patka.sk\/wp-content\/uploads\/2024\/07\/D30FCB81-FEFE-4C26-9ED7-20FE213F8B50-e1720344756256.png\",\"width\":1000,\"height\":568,\"caption\":\"osteo-patka.sk\"},\"image\":{\"@id\":\"http:\/\/osteo-patka.sk\/#\/schema\/logo\/image\/\"}}]}<\/script>\n<!-- \/ Yoast SEO plugin. -->","yoast_head_json":{"title":"O mne - osteo-patka.sk","robots":{"index":"index","follow":"follow","max-snippet":"max-snippet:-1","max-image-preview":"max-image-preview:large","max-video-preview":"max-video-preview:-1"},"canonical":"http:\/\/osteo-patka.sk\/","og_locale":"sk_SK","og_type":"article","og_title":"O mne - osteo-patka.sk","og_description":"Doplnkov\u00e9 vzdelanie a&nbsp;absolvovan\u00e9 kurzy&nbsp;","og_url":"http:\/\/osteo-patka.sk\/","og_site_name":"osteo-patka.sk","article_modified_time":"2024-07-07T15:00:20+00:00","og_image":[{"url":"https:\/\/osteo-patka.sk\/wp-content\/uploads\/2024\/07\/IMG_7110-572x1024.jpg","type":"","width":"","height":""}],"twitter_card":"summary_large_image","twitter_misc":{"Predpokladan\u00fd \u010das \u010d\u00edtania":"2 min\u00faty"},"schema":{"@context":"https:\/\/schema.org","@graph":[{"@type":"WebPage","@id":"http:\/\/osteo-patka.sk\/","url":"http:\/\/osteo-patka.sk\/","name":"O mne - osteo-patka.sk","isPartOf":{"@id":"http:\/\/osteo-patka.sk\/#website"},"primaryImageOfPage":{"@id":"http:\/\/osteo-patka.sk\/#primaryimage"},"image":{"@id":"http:\/\/osteo-patka.sk\/#primaryimage"},"thumbnailUrl":"https:\/\/osteo-patka.sk\/wp-content\/uploads\/2024\/07\/IMG_7110-572x1024.jpg","datePublished":"2024-07-02T14:08:45+00:00","dateModified":"2024-07-07T15:00:20+00:00","breadcrumb":{"@id":"http:\/\/osteo-patka.sk\/#breadcrumb"},"inLanguage":"sk-SK","potentialAction":[{"@type":"ReadAction","target":["http:\/\/osteo-patka.sk\/"]}]},{"@type":"ImageObject","inLanguage":"sk-SK","@id":"http:\/\/osteo-patka.sk\/#primaryimage","url":"http:\/\/osteo-patka.sk\/wp-content\/uploads\/2024\/07\/IMG_7110.jpg","contentUrl":"http:\/\/osteo-patka.sk\/wp-content\/uploads\/2024\/07\/IMG_7110.jpg","width":1144,"height":2048},{"@type":"BreadcrumbList","@id":"http:\/\/osteo-patka.sk\/#breadcrumb","itemListElement":[{"@type":"ListItem","position":1,"name":"Home","item":"http:\/\/osteo-patka.sk\/"},{"@type":"ListItem","position":2,"name":"O mne"}]},{"@type":"WebSite","@id":"http:\/\/osteo-patka.sk\/#website","url":"http:\/\/osteo-patka.sk\/","name":"osteo-patka.sk","description":"","publisher":{"@id":"http:\/\/osteo-patka.sk\/#organization"},"potentialAction":[{"@type":"SearchAction","target":{"@type":"EntryPoint","urlTemplate":"http:\/\/osteo-patka.sk\/?s={search_term_string}"},"query-input":{"@type":"PropertyValueSpecification","valueRequired":true,"valueName":"search_term_string"}}],"inLanguage":"sk-SK"},{"@type":"Organization","@id":"http:\/\/osteo-patka.sk\/#organization","name":"osteo-patka.sk","url":"http:\/\/osteo-patka.sk\/","logo":{"@type":"ImageObject","inLanguage":"sk-SK","@id":"http:\/\/osteo-patka.sk\/#\/schema\/logo\/image\/","url":"http:\/\/osteo-patka.sk\/wp-content\/uploads\/2024\/07\/D30FCB81-FEFE-4C26-9ED7-20FE213F8B50-e1720344756256.png","contentUrl":"http:\/\/osteo-patka.sk\/wp-content\/uploads\/2024\/07\/D30FCB81-FEFE-4C26-9ED7-20FE213F8B50-e1720344756256.png","width":1000,"height":568,"caption":"osteo-patka.sk"},"image":{"@id":"http:\/\/osteo-patka.sk\/#\/schema\/logo\/image\/"}}]}},"_links":{"self":[{"href":"http:\/\/osteo-patka.sk\/index.php?rest_route=\/wp\/v2\/pages\/2","targetHints":{"allow":["GET"]}}],"collection":[{"href":"http:\/\/osteo-patka.sk\/index.php?rest_route=\/wp\/v2\/pages"}],"about":[{"href":"http:\/\/osteo-patka.sk\/index.php?rest_route=\/wp\/v2\/types\/page"}],"author":[{"embeddable":true,"href":"http:\/\/osteo-patka.sk\/index.php?rest_route=\/wp\/v2\/users\/1"}],"replies":[{"embeddable":true,"href":"http:\/\/osteo-patka.sk\/index.php?rest_route=%2Fwp%2Fv2%2Fcomments&post=2"}],"version-history":[{"count":5,"href":"http:\/\/osteo-patka.sk\/index.php?rest_route=\/wp\/v2\/pages\/2\/revisions"}],"predecessor-version":[{"id":72,"href":"http:\/\/osteo-patka.sk\/index.php?rest_route=\/wp\/v2\/pages\/2\/revisions\/72"}],"wp:attachment":[{"href":"http:\/\/osteo-patka.sk\/index.php?rest_route=%2Fwp%2Fv2%2Fmedia&parent=2"}],"curies":[{"name":"wp","href":"https:\/\/api.w.org\/{rel}","templated":true}]}}